002220102111?
-1002220102001
In base 13, what is 18 + 17540b?
175426
In base 8, what is -1160217240 - 2?
-1160217242
In base 4, what is 101010 - -12331003?
13032013
In base 2, what is 100001 + -11000011100111101011100?
-11000011100111100111011
In base 13, what is -54 + -600acc?
-600b53
In base 5, what is 1 + 110333423?
110333424
In base 4, what is -2313 - 131312230?
-131321203
In base 8, what is 6105 - -274012?
302117
In base 6, what is 33 + 230530113?
230530150
In base 4, what is 21 - -302333001211?
302333001232
In base 4, what is -200 - 13220120131?
-13220120331
In base 13, what is 451 + 545?
996
In base 10, what is 20757 - 336?
20421
In base 16, what is -133 - -b7d5?
b6a2
In base 2, what is 101101011101110110 + 1111?
101101011110000101
In base 12, what is -15a6 + -18ab?
-3295
In base 9, what is -286808 + -340?
-287248
In base 10, what is -187 + -993857?
-994044
In base 12, what is 4058 - -41b14?
45b70
In base 3, what is 211 - 1002102120002?
-1002102112021
In base 4, what is 2101010313 - -3?
2101010322
In base 2, what is 1 + 1001110001101001001001100?
1001110001101001001001101
In base 4, what is -3023321 + 22130132?
13100211
In base 10, what is -3 + -6639027?
-6639030
In base 12, what is 0 - -6a09ba?
6a09ba
In base 14, what is -5 - 124201?
-124206
In base 8, what is 14 + 3665355?
3665371
In base 16, what is 10 - -1b993d?
1b994d
In base 8, what is 4 + 140073707?
140073713
In base 7, what is 2604254300 + 3?
2604254303
In base 16, what is 3cca5b5 + 5?
3cca5ba
In base 16, what is -11b - -17e75?
17d5a
In base 4, what is -2001020 - 11101212?
-13102232
In base 6, what is 52250 - 3153?
45053
In base 16, what is -1e + 39f9d?
39f7f
In base 14, what is 4dcd5 + 1064?
50d59
In base 10, what is -168943 + 568?
-168375
In base 9, what is -138 + 175488?
175350
In base 10, what is -8 + -32771922?
-32771930
In base 15, what is e + -1c601c?
-1c600d
In base 5, what is -304301430 - -1?
-304301424
In base 2, what is -101011011100001001100 + -101011111?
-101011011100110101011
In base 11, what is 3 - -91a2373?
91a2376
In base 15, what is -bdc28 - 49?
-bdc72
In base 12, what is 7b4 - -81b53?
82747
In base 6, what is -12240 + -32141?
-44421
In base 15, what is -1270a91 + 4?
-1270a8c
In base 13, what is -1116c87 - -5?
-1116c82
In base 9, what is 137 + -4325024?
-4324776
In base 2, what is 11100000100 + 11001100001111001?
11001111101111101
In base 14, what is -20640 + -640?
-20c80
In base 2, what is 100111000100 - -10100010011?
111011010111
In base 2, what is 1010001110000000001 - -10010100011?
1010010000010100100
In base 15, what is -34 - -a9ce0?
a9cab
In base 15, what is d8e27 - 26?
d8e01
In base 5, what is 2 + -140213424214?
-140213424212
In base 2, what is 1 - -10110010100011101110?
10110010100011101111
In base 10, what is -1151399 - -738?
-1150661
In base 3, what is 100002 + -10101221002?
-10101121000
In base 10, what is -573 + 828670?
828097
In base 10, what is -6 + 66631?
66625
In base 3, what is 201 - 10012100200022?
-10012100122121
In base 11, what is -260852 - 58a?
-261331
In base 10, what is -635543 + -94?
-635637
In base 5, what is 101421 + -4112321?
-4010400
In base 9, what is 108 + -6677043?
-6676834
In base 13, what is 46c80 + -14?
46c69
In base 5, what is 14020 - -1241?
20311
In base 7, what is -3056 + -25565?
-31654
In base 11, what is -2 + -10404753?
-10404755
In base 5, what is 2243041 - -1403?
2244444
In base 2, what is 1101111010011011 - 1000000?
1101111001011011
In base 12, what is -9 - -20059b?
200592
In base 10, what is -652505 - -230?
-652275
In base 8, what is -50043526 + -1?
-50043527
In base 13, what is 11441912 + 4?
11441916
In base 13, what is -3c + 853817?
8537a8
In base 10, what is 6 - 5564691?
-5564685
In base 3, what is 2212 + 20001121202120?
20001121212102
In base 7, what is -423546033 + -2?
-423546035
In base 14, what is 19492 + -c76?
1861a
In base 10, what is 1 + 14561985?
14561986
In base 16, what is -3 + c91fd6?
c91fd3
In base 11, what is -20020 - -2159?
-18972
In base 12, what is -58539 - -108?
-58431
In base 10, what is 10 - 486019?
-486009
In base 9, what is -367 + 487407?
487030
In base 16, what is -a86 - -e6fd?
dc77
In base 5, what is -313 - 11240214341?
-11240220204
In base 5, what is -2032424 + -114?
-2033043
In base 10, what is -1 - -113814976?
113814975
In base 2, what is -111 + -1001000101001111011101?
-1001000101001111100100
In base 7, what is -1 - -15204025?
15204024
In base 7, what is 201216013 + -16?
201215664
In base 11, what is -3 + -137139?
-137141
In base 11, what is -12 - -a24613?
a24601
In base 7, what is 6 - 31100263?
-31100254
In base 2, what is 101111 + -1001011011100010000011?
-1001011011100001010100
In base 2, what is -1011010000001110010011 + 111011?
-1011010000001101011000
In base 4, what is 2 + 20303033121?
20303033123
In base 15, what is 483cb - -487?
48863
In base 6, what is -10 - 1110453320?
-1110453330
In base 3, what is -1021120210112120 - -2?
-1021120210112111
In base 11, what is -4077 + 19224?
15158
In base 9, what is -7686718 + -140?
-7686858
In base 9, what is -55386282 - 5?
-55386287
In base 9, what is 5 + -1682014?
-1682008
In base 8, what is -11464 - 15574?
-27260
In base 10, what is -760070 + 166?
-759904
In base 7, what is 625 - -614051?
615006
In base 3, what is -11220020111 + 10200?
-11220002211
In base 15, what is -300 + 115c7?
112c7
In base 6, what is 4 - 4413211301?
-4413211253
In base 9, what is 3224 - -26?
3251
In base 11, what is 13906 + -1278?
12639
In base 11, what is -83 - 59941?
-59a14
In base 3, what is 22 - 101220202211100?
-101220202211001
In base 9, what is 6482 - -40?
6532
In base 11, what is 69 + -30a3466?
-30a33a8
In base 6, what is 1102 + 12241145?
12242251
In base 7, what is 23225 - -12403?
35631
In base 7, what is -13361641 - -24?
-13361614
In base 6, what is -120010103 - -302?
-120005401
In base 13, what is -24231c7b + -5?
-24231c83
In base 8, what is -2621067 - 21?
-2621110
In base 14, what is 858 - -7ca?
1244
In base 11, what is 242 + -125a?
-1018
In base 3, what is -2222220012020 - 200?
-2222220012220
In base 4, what is -13013100232212 + -10?
-13013100232222
In base 13, what is 3a75a5 - 12?
3a7593
In base 14, what is -30 - -7c0404?
7c03b4
In base 5, what is -22 + 3124421112?
3124421040
In base 2, what is 0 - -10111110100110100110011?
10111110100110100110011
In base 15, what is -1ae - 13aa?
-1569
In base 12, what is 2388aa21 - 1?
2388aa20
In base 7, what is 20205 - -4416?
24624
In base 5, what is 2102333 - -4123?
2112011
In base 7, what is 401646110 + -11?
401646066
In base 7, what is -11211052 - 63?
-11211145
In base 14, what is -1a57cd2 - 14?
-1a57d06
In base 3, what is -101011112 + 2111112?
-21200000
In base 6, what is -231 + 1152043?
1151412
In base 2, what is 10000000 - 100110000011000110000?
-100110000010110110000
In base 15, what is 61e0c - cb6?
61146
In base 4, what is -1 - 112313202333?
-112313203000
In base 11, what is 2a71 - -262?
3223
In base 13, what is 221211 + 180?
221391
In base 8, what is 2 + 72060355?
72060357
In base 9, what is 8584 + 582?
10276
In base 12, what is 15 - -1496572?
1496587
In base 16, what is 78 + 58a3e?
58ab6
In base 3, what is -212 + -200022200202?
-200022201121
In base 6, what is -4224 - -14551?
10323
In base 11, what is 0 - -639432?
639432
In base 7, what is -1041 - 34201?
-35242
In base 6, what is 3 - 253214452?
-253214445
In base 16, what is -c389a + -f?
-c38a9
In base 13, what is 0 + -9491622?
-9491622
In base 14, what is 1b989 + 4d?
1b9d8
In base 8, what is 5 + -14347350?
-14347343
In base 9, what is 25 - 54781855?
-54781830
In base 9, what is 45 + -26355?
-26310
In base 12, what is -b30760 + -4?
-b30764
In base 4, what is -2012301100100 - 30?
-2012301100130
In base 9, what is 2 + 127321827?
127321830
In base 3, what is -21000122011 + -1220?
-21000201001
In base 7, what is -652 - -56601624?
56600642
In base 14, what is 26219 + d9?
26314
In base 10, what is 47136 - -227?
47363
In base 9, what is -1104 + -64380?
-65484
In base 15, what is -3 - -ebbc02?
ebbbee
In base 16, what is c33f11 - 10?
c33f01
In base 5, what is -4111 + -102214430?
-102224041
In base 15, what is 38 - cc71a?
-cc6d2
In base 12, what is -5 + a05749?
a05744
In base 12, what is -17a542 - 197?
-17a719
In base 14, what is 8cb + -4967?
-407a
In base 7, what 